2, 5
Let d be (-770)/(-42)*18/10. Suppose 5*g - 2*u - 144 = 0, g + 2*u - u = d. List the prime factors of g.
2, 3, 5
Suppose -4*o - 455 = -2*h - h, 4*h + 5*o - 617 = 0. Let r = 283 - h. What are the prime factors of r?
2, 5, 13
Let n(j) be the second derivative of -j**4/4 + 5*j**3/6 - 5*j**2/2 - 2*j. Let a be n(4). Let c = a + 53. What are the prime factors of c?
2, 5
Let c = -13 - -17. Suppose 3*v - 42 = -3*l, 3*l + c*v + v - 34 = 0. List the prime factors of l.
2, 3
Let h(x) = -275*x - 34. List the prime factors of h(-6).
2, 101
Let x = 3214 - 617. List the prime factors of x.
7, 53
Suppose 5*u - 16 = 44. List the prime factors of u.
2, 3
What are the prime factors of ((-3 - -4)/(-2))/(4/(-440))?
5, 11
What are the prime factors of (4/10)/((-2)/(-2615))?
523
Suppose 3*f + 6 = 5*y - 0*y, -y + 5*f = 12. Suppose -y*a - 2*b = -9, 11 + 4 = -5*b. Suppose -2*s - a = -17. What are the prime factors of s?
2, 3
What are the prime factors of (0 - -1820)/((-2)/(-4)) + -5?
5, 727
Suppose 2*d - 2*i - 4 = -2*d, -i = -4*d. Let a(b) = -b**2 + 2*b. Let g be a(d). Let r(l) = -l + 6. List the prime factors of r(g).
3
Let y = 533 - 317. What are the prime factors of y?
2, 3
List the prime factors of (-144)/(-1656) - 53013/(-23).
5, 461
Suppose 1 = -u + 3. Let s(i) = 13*i**3 - 5*i**2 + 3*i + 2. List the prime factors of s(u).
2, 23
Let k = 6013 + -4157. What are the prime factors of k?
2, 29
Let u(a) = 7*a + 844. List the prime factors of u(-7).
3, 5, 53
What are the prime factors of 2278*-1*(-7)/14?
17, 67
Let x = 42 - 22. Let c = -15 + x. Suppose 0 = -0*m + 3*m + c*r - 65, -4*m - 3*r = -83. List the prime factors of m.
2, 5
Suppose 0 = 4*x + 3*m - 13 - 18, -15 = -3*m. Suppose 4*d - 16 = -x. Suppose 7 = d*o + 1. What are the prime factors of o?
2
Let a = 22 - 21. Let q(l) = -2*l - 2*l + 7 + 12*l - a. What are the prime factors of q(3)?
2, 3, 5
Let t(x) = -412*x + 127. What are the prime factors of t(-5)?
3
Let n(s) = -s + 5. Let l(k) = -13*k**3 + k + 1. Let t be l(-1). Let h = t + -22. List the prime factors of n(h).
2, 7
Suppose 0 = -2*c - 4*y + 2056, 7*c = 6*c - y + 1023. What are the prime factors of c?
2, 509
List the prime factors of (0 - 9/(-6))*(-28262)/(-39).
1087
Let s(d) = d**2 - 6*d - 193. List the prime factors of s(-32).
3, 11, 31
Let v(n) = 3*n - 6. Let w(u) = 7*u - 13. Let z(b) = -5*v(b) + 2*w(b). Let h be z(2). Suppose -63 = -t - h*t. What are the prime factors of t?
3, 7
Let t(p) = -13*p. Let w(l) = l**2 + 4*l + 4. Let x be w(-4). Suppose 9*r - x*r + 5 = 0. What are the prime factors of t(r)?
13
Let f = -582 + 388. List the prime factors of (-5)/(-20)*-2*f.
97
Let v(r) = -5*r**3 - 2*r**2 + 3*r - 7. What are the prime factors of v(-5)?
7, 79
Let h(f) = -f**3 - f**2 + 3*f + 4. Let g be h(-2). Suppose 0 = w - g*n - 40, -n + 0*n = w - 52. List the prime factors of w.
2, 3
List the prime factors of 44010/66 + 4/22.
23, 29
Let y be 3/(12/(-158))*4/2. Let a(m) = -m - 16. Let h be a(0). List the prime factors of y/(-2) - 24/h.
41
Let f = 323 - 183. List the prime factors of f.
2, 5, 7
List the prime factors of 84/(134/364 + (-20)/130).
2, 7
Suppose -313 = 3*z + z + 5*q, 0 = -4*z - 4*q - 308. List the prime factors of (-4)/(-6)*(6 - z).
2, 13
Let n(j) = -j**3 - 6*j**2 - 8*j + 5. Suppose 0 = 3*t + 16 + 2. List the prime factors of n(t).
53
Let o be (2/(-4))/((-6)/132). Let n = o - 4. What are the prime factors of n*(4 - 1) - 1?
2, 5
Suppose -5*k + 3314 = -61. What are the prime factors of k?
3, 5
Let u be 1 - (13/(-1) - -3). Let z(q) = q**2 - 6*q + 12. Let d(y) = -y**2 + 7*y - 12. Let l(b) = -4*d(b) - 3*z(b). What are the prime factors of l(u)?
23
Let w = -37 - -34. List the prime factors of -5 - (w - 0) - -86.
2, 3, 7
Suppose -x + 13*v = 11*v - 4, 4*v + 8 = 5*x. Let d be (-2 - -1)*(-179 - 2). Suppose 0*k + 5*k - 2*f = d, x = -3*k - 5*f + 90. List the prime factors of k.
5, 7
Suppose 5*z = 7*z - 10. Suppose -z*b = -23 - 32. Suppose -b*y + 105 = -6*y. What are the prime factors of y?
3, 7
Suppose 4*p = -h + 24, 35 = 3*p - h + 6*h. Suppose -p*a - 3*f = -9, -3*f = -4*a - 7*f + 12. Suppose -x - x + 28 = a. What are the prime factors of x?
2, 7
Let j(o) = -430*o + 34. List the prime factors of j(-5).
2, 3, 7, 13
List the prime factors of 16/(-20)*(18825/10)/(-3).
2, 251
Let n(f) = -5*f + 146. What are the prime factors of n(7)?
3, 37
Let c(n) = 6*n**2 + 4*n - 7. Let o(m) = -18*m**2 - 13*m + 20. Let a(v) = -17*c(v) - 6*o(v). List the prime factors of a(4).
3, 5
Let t be -3 + -3 + 158 + 2. Let b = t + -93. List the prime factors of b.
61
Suppose -3*z = -5*z + 298. Suppose -z - 142 = -3*d. List the prime factors of d.
97
Let v(s) = 2*s**2 - 11*s + 1. Let k be v(6). Let o = k + 67. What are the prime factors of o?
2, 37
Let j(r) = r**3 - 4*r**2 - 6*r. Let w be j(5). Let t(a) = -a**3 - 3*a**2 - 2*a - 6. What are the prime factors of t(w)?
2, 3
Let d = -17 + 12. List the prime factors of (d - -4)/(((-4)/101)/4).
101
Suppose 4*m - 4 = -0*m, -5*b = -m - 5909. List the prime factors of b.
2, 3, 197
Suppose 0 = -5*r - 0*r + 30. Suppose 0 = -r*y + y. Suppose y = 2*t - t - 13. What are the prime factors of t?
13
Let z(s) = -s - 5. Let k be z(-6). Let q be (2 - -1)*(2 - k). Suppose -d - j = 1, 7*d + q*j - 1 = 3*d. What are the prime factors of d?
2
Let u(y) = 38*y**2 + 7*y - 14. What are the prime factors of u(4)?
2, 311
Let u = -8 - -14. Let f(s) = -s**3 + 9*s**2 - 9*s + 7. List the prime factors of f(u).
61
Let j(m) = 25*m + 28. Let p be j(12). Suppose -3*g - g + p = 0. List the prime factors of g.
2, 41
Suppose -x - 483 + 1905 = -s, -5*s = x - 1392. What are the prime factors of x?
13, 109
Let x(l) = -l**3 - 23*l**2 + l + 27. Let k be x(-23). Suppose 2*p = -5*s + 12 + 147, 0 = -3*p + k*s + 181. What are the prime factors of p?
67
Let u = 366 + -216. Let q = -10 + u. List the prime factors of q.
2, 5, 7
Suppose -4*y + 58 = -2*w, -5*w = 7*y - 4*y - 37. List the prime factors of (2 - y)/((-9)/63).
2, 3, 7
Let z(o) = -196*o - 8. Let b(n) = 1. Let m(d) = -6*b(d) - z(d). List the prime factors of m(1).
2, 3, 11
Let x = 47 + -27. Suppose 28 + 32 = 5*j - 5*y, 5*j - 60 = y. Let a = x - j. What are the prime factors of a?
2
Let k(c) = -41*c + 253. List the prime factors of k(-12).
5, 149
Suppose -11*x = -14*x. Let f be 8 - ((-4)/(-1) - x). What are the prime factors of ((-1)/(-3))/(f/216)?
2, 3
Let y be -1 + -3 + 3 + 1. Suppose 402 = 5*n - 4*p - 85, y = -5*p - 15. List the prime factors of n.
5, 19
Let r(q) = 104*q - 1. Let l be r(-1). Let i be (l/30)/(1/2). Let n(a) = -2*a + 8. What are the prime factors of n(i)?
2, 11
Suppose -63*c = -134866 + 49312. What are the prime factors of c?
2, 7, 97
Suppose -4*o - 48 = -2*s - 4, 5*s - 138 = 3*o. Suppose -3*c - 15 = 0, 4*h - 45 = 3*c + s. List the prime factors of h.
3, 5
Suppose -22 = -2*g - 2. Let v = -6 + g. Suppose -v*f - f = -60. What are the prime factors of f?
2, 3
Let b = -6 - -9. Suppose -r + 6 = b. Suppose -r*j - j = -64. List the prime factors of j.
2
Let f(g) = g**3 + g**2 - 30*g - 16. What are the prime factors of f(9)?
2, 131
Let p be (9 - 13)*1/(-2). Suppose w = -p*m + 88, -w + 2*m = 4*w - 380. Let o = 136 - w. List the prime factors of o.
2, 29
Let n be (-814)/(-185)*(-10)/(0 - 2). Suppose 0 = -2*r + 5*m + 20, 4*r + 4*m - 40 = 2*m. What are the prime factors of 25/r*n/1?
5, 11
Suppose 0*k - 4 = 4*k. Let u be (1 + k)*1/3. Suppose u = -2*w - 3*y + 64, -60 = -4*w + y + 96. What are the prime factors of w?
2, 19
Let z be 88/12 + 4/6. Suppose 2*d - 5*d = t + 2, 2*d + z = 0. What are the prime factors of t?
2, 5
Let h(m) = -m + 0 + 0 - 2. Let w be h(-4). Suppose -3*a = 5*c - 81, 5*a + 35 = 5*c - w*c. What are the prime factors of c?
3, 5
Let w = -9 - -15. Let i be (-133)/(-21) + (-2)/w. Suppose 5*a + i = 26. List the prime factors of a.
2
Let c = 17 - 13. Let p = c - 2. Suppose -13 = -p*m + 21. What are the prime factors of m?
17
Let d(g) = -g + 7. Let h be d(-5). Suppose 0 = -7*t + 9*t + h. Let r(q) = q**2 + 4*q - 2. List the prime factors of r(t).
2, 5
Let x(w) = -w**2 - 33*w - 23. List the prime factors of x(-17).
3, 83
Let x = 5 - 5. Suppose x = 11*t - 13*t + 12. What are the prime factors of 5/(-15) - (-98)/t?
2
Let f(u) = -3*u**3 - 27*u**2 - 12*u - 11. Let i(s) = -s**3 - 14*s**2 - 6*s - 6. Let j(m) = -2*f(m) + 5*i(m